{"id":113,"date":"2025-09-24T16:13:41","date_gmt":"2025-09-24T16:13:41","guid":{"rendered":"https:\/\/byggteknikikolmarden.se\/?page_id=113"},"modified":"2025-10-08T06:51:20","modified_gmt":"2025-10-08T06:51:20","slug":"markarbeten","status":"publish","type":"page","link":"https:\/\/byggteknikikolmarden.se\/?page_id=113","title":{"rendered":"Markarbeten"},"content":{"rendered":"\n    \n    <section class=\"u-clearfix u-image lazyload u-section-2\" id=\"sec-7337\" data-image-width=\"400\" data-image-height=\"233\" data-bg=\"url(&quot;https:\/\/byggteknikikolmarden.se\/wp-content\/uploads\/2025\/09\/measures-839_2022-04-20-06-53-34_l_1200x900.jpg&quot;)\">\n      <div class=\"u-clearfix u-sheet u-valign-middle u-sheet-1\">\n        <div class=\"u-container-style u-gradient u-group u-group-1\">\n          <div class=\"u-container-layout u-container-layout-1\">\n            <h1 class=\"u-align-center u-text u-text-palette-1-base u-text-1\"> Markarbeten<\/h1>\n            <p class=\"u-align-center u-text u-text-2\"> Vi utf\u00f6r alla typer av markarbeten s\u00e5som gr\u00e4varbeten,&nbsp;asfaltering, plattl\u00e4ggning, dr\u00e4nering m.m.<\/p>\n          <\/div>\n        <\/div>\n      <\/div>\n    <\/section>\n    <section class=\"u-clearfix u-section-3\" id=\"sec-61dd\">\n      <div class=\"u-clearfix u-sheet u-sheet-1\"><\/div>\n    <\/section>\n    <section class=\"u-clearfix u-section-4\" id=\"sec-fa74\">\n      <div class=\"u-clearfix u-sheet u-valign-middle u-sheet-1\">\n        <div class=\"u-align-center u-clearfix u-expanded-width u-group-elements u-group-elements-1\">\n          <p class=\"u-align-center-lg u-align-center-md u-align-center-sm u-align-center-xs u-text u-text-default u-text-1\">Exemepl p\u00e5 markarbeten<\/p>\n          <div class=\"custom-expanded u-border-3 u-border-palette-1-base u-line u-line-horizontal u-line-1\"><\/div>\n          <div class=\"custom-expanded u-border-3 u-border-palette-1-base u-line u-line-horizontal u-line-2\"><\/div>\n        <\/div>\n      <\/div>\n    <\/section>\n    <section class=\"u-clearfix u-section-5\" id=\"sec-e83e\">\n      <div class=\"u-clearfix u-sheet u-sheet-1\">\n        <div class=\"data-layout-selected u-clearfix u-expanded-width u-grey-10 u-layout-wrap u-layout-wrap-1\">\n          <div class=\"u-layout\">\n            <div class=\"u-layout-row\">\n              <div class=\"u-size-18\">\n                <div class=\"u-layout-col\">\n                  <div class=\"u-size-30\">\n                    <div class=\"u-layout-row\">\n                      <div class=\"u-container-style u-layout-cell u-size-60 u-layout-cell-1\">\n                        <div class=\"u-container-layout u-container-layout-1\">\n                          <div class=\"custom-expanded u-gallery u-layout-grid u-lightbox u-no-transition u-show-text-none u-gallery-1\">\n                            <div class=\"u-gallery-inner u-gallery-inner-1\">\n                              <div class=\"u-gallery-item\">\n                                <div class=\"u-back-slide\" data-image-width=\"1632\" data-image-height=\"1224\">\n                                  <img class=\"u-back-image u-expanded lazyload\" data-src=\"https:\/\/byggteknikikolmarden.se\/wp-content\/uploads\/2025\/09\/measures-830_2022-04-20-06-52-12.jpg\">\n                                <\/div>\n                                <div class=\"u-over-slide u-shading u-over-slide-1\"><\/div>\n                              <\/div>\n                            <\/div>\n                          <\/div>\n                        <\/div>\n                      <\/div>\n                    <\/div>\n                  <\/div>\n                  <div class=\"u-size-30\">\n                    <div class=\"u-layout-row\">\n                      <div class=\"u-container-style u-layout-cell u-size-60 u-layout-cell-2\">\n                        <div class=\"u-container-layout u-container-layout-2\">\n                          <div class=\"u-expanded-width u-gallery u-layout-grid u-lightbox u-no-transition u-show-text-none u-gallery-2\">\n                            <div class=\"u-gallery-inner u-gallery-inner-2\">\n                              <div class=\"u-gallery-item\">\n                                <div class=\"u-back-slide\">\n                                  <img class=\"u-back-image u-expanded lazyload\" data-src=\"https:\/\/byggteknikikolmarden.se\/wp-content\/uploads\/2025\/09\/measures-837_2022-04-20-06-55-01.jpg\">\n                                <\/div>\n                                <div class=\"u-over-slide u-shading u-over-slide-2\"><\/div>\n                              <\/div>\n                            <\/div>\n                          <\/div>\n                        <\/div>\n                      <\/div>\n                    <\/div>\n                  <\/div>\n                <\/div>\n              <\/div>\n              <div class=\"u-size-42\">\n                <div class=\"u-layout-col\">\n                  <div class=\"u-size-60\">\n                    <div class=\"u-layout-row\">\n                      <div class=\"u-container-style u-layout-cell u-size-20 u-layout-cell-3\">\n                        <div class=\"u-container-layout u-container-layout-3\">\n                          <div class=\"custom-expanded u-gallery u-layout-grid u-lightbox u-no-transition u-show-text-none u-gallery-3\">\n                            <div class=\"u-gallery-inner u-gallery-inner-3\">\n                              <div class=\"u-gallery-item\">\n                                <div class=\"u-back-slide\">\n                                  <img class=\"u-back-image u-expanded lazyload\" data-src=\"https:\/\/byggteknikikolmarden.se\/wp-content\/uploads\/2025\/09\/measures-847_2022-04-20-06-55-57.jpg\">\n                                <\/div>\n                                <div class=\"u-over-slide u-shading u-over-slide-3\"><\/div>\n                              <\/div>\n                            <\/div>\n                          <\/div>\n                        <\/div>\n                      <\/div>\n                      <div class=\"u-container-style u-layout-cell u-size-20 u-layout-cell-4\">\n                        <div class=\"u-container-layout u-container-layout-4\">\n                          <div class=\"u-expanded-width u-gallery u-layout-grid u-lightbox u-no-transition u-show-text-none u-gallery-4\">\n                            <div class=\"u-gallery-inner u-gallery-inner-4\">\n                              <div class=\"u-gallery-item\">\n                                <div class=\"u-back-slide\">\n                                  <img class=\"u-back-image u-expanded lazyload u-back-image-4\" data-src=\"https:\/\/byggteknikikolmarden.se\/wp-content\/uploads\/2025\/09\/measures-840_2022-04-20-06-54-16.jpg\">\n                                <\/div>\n                                <div class=\"u-over-slide u-shading u-over-slide-4\"><\/div>\n                              <\/div>\n                            <\/div>\n                          <\/div>\n                        <\/div>\n                      <\/div>\n                      <div class=\"u-container-style u-layout-cell u-size-20 u-layout-cell-5\">\n                        <div class=\"u-container-layout u-container-layout-5\">\n                          <div class=\"custom-expanded u-gallery u-layout-grid u-lightbox u-no-transition u-show-text-none u-gallery-5\">\n                            <div class=\"u-gallery-inner u-gallery-inner-5\">\n                              <div class=\"u-gallery-item\">\n                                <div class=\"u-back-slide\" data-image-width=\"1632\" data-image-height=\"1224\">\n                                  <img class=\"u-back-image u-expanded lazyload\" data-src=\"https:\/\/byggteknikikolmarden.se\/wp-content\/uploads\/2025\/09\/measures-838_2022-04-20-06-53-55.jpg\">\n                                <\/div>\n                                <div class=\"u-over-slide u-shading u-over-slide-5\"><\/div>\n                              <\/div>\n                            <\/div>\n                          <\/div>\n                        <\/div>\n                      <\/div>\n                    <\/div>\n                  <\/div>\n                <\/div>\n              <\/div>\n            <\/div>\n          <\/div>\n        <\/div>\n      <\/div>\n    <\/section>\n    \n    \n    \n  \n","protected":false},"excerpt":{"rendered":"<p>Markarbeten Vi utf\u00f6r alla typer av markarbeten s\u00e5som gr\u00e4varbeten,&nbsp;asfaltering, plattl\u00e4ggning, dr\u00e4nering m.m. Exemepl p\u00e5 markarbeten<\/p>\n","protected":false},"author":1,"featured_media":0,"parent":0,"menu_order":2,"comment_status":"closed","ping_status":"closed","template":"","meta":{"footnotes":""},"class_list":["post-113","page","type-page","status-publish","hentry"],"_links":{"self":[{"href":"https:\/\/byggteknikikolmarden.se\/index.php?rest_route=\/wp\/v2\/pages\/113","targetHints":{"allow":["GET"]}}],"collection":[{"href":"https:\/\/byggteknikikolmarden.se\/index.php?rest_route=\/wp\/v2\/pages"}],"about":[{"href":"https:\/\/byggteknikikolmarden.se\/index.php?rest_route=\/wp\/v2\/types\/page"}],"author":[{"embeddable":true,"href":"https:\/\/byggteknikikolmarden.se\/index.php?rest_route=\/wp\/v2\/users\/1"}],"replies":[{"embeddable":true,"href":"https:\/\/byggteknikikolmarden.se\/index.php?rest_route=%2Fwp%2Fv2%2Fcomments&post=113"}],"version-history":[{"count":1,"href":"https:\/\/byggteknikikolmarden.se\/index.php?rest_route=\/wp\/v2\/pages\/113\/revisions"}],"predecessor-version":[{"id":125,"href":"https:\/\/byggteknikikolmarden.se\/index.php?rest_route=\/wp\/v2\/pages\/113\/revisions\/125"}],"wp:attachment":[{"href":"https:\/\/byggteknikikolmarden.se\/index.php?rest_route=%2Fwp%2Fv2%2Fmedia&parent=113"}],"curies":[{"name":"wp","href":"https:\/\/api.w.org\/{rel}","templated":true}]}}