{"id":116,"date":"2025-09-24T16:13:44","date_gmt":"2025-09-24T16:13:44","guid":{"rendered":"https:\/\/byggteknikikolmarden.se\/?page_id=116"},"modified":"2025-10-08T06:50:05","modified_gmt":"2025-10-08T06:50:05","slug":"bostadsanpassning","status":"publish","type":"page","link":"https:\/\/byggteknikikolmarden.se\/?page_id=116","title":{"rendered":"Bostadsanpassning"},"content":{"rendered":"\n    \n    <section class=\"u-clearfix u-container-align-center-lg u-container-align-center-xl u-image lazyload u-section-2\" id=\"sec-b84d\" data-bg=\"url(&quot;https:\/\/byggteknikikolmarden.se\/wp-content\/uploads\/2025\/09\/SkogsrampStor.jpg&quot;)\">\n      <div class=\"u-clearfix u-sheet u-valign-middle-lg u-valign-middle-xl u-sheet-1\">\n        <div class=\"u-container-style u-expanded-width-xs u-group u-opacity u-opacity-90 u-radius u-shape-round u-white u-group-1\">\n          <div class=\"u-container-layout u-valign-middle-xs u-container-layout-1\">\n            <h1 class=\"u-align-center u-text u-text-default u-text-palette-1-base u-text-1\"> Bostadsanpassning <\/h1>\n          <\/div>\n        <\/div>\n      <\/div>\n    <\/section>\n    <section class=\"u-clearfix u-section-3\" id=\"sec-62d7\">\n      <div class=\"u-clearfix u-sheet u-valign-middle-lg u-valign-middle-xl u-sheet-1\">\n        <div class=\"u-align-center u-clearfix u-expanded-width u-group-elements u-group-elements-1\">\n          <p class=\"u-text u-text-default u-text-1\">Vi utf\u00f6r i f\u00f6ljande kommuner<\/p>\n          <div class=\"custom-expanded u-border-3 u-border-palette-1-base u-line u-line-horizontal u-line-1\"><\/div>\n          <div class=\"custom-expanded u-border-3 u-border-palette-1-base u-line u-line-horizontal u-line-2\"><\/div>\n        <\/div>\n      <\/div>\n    <\/section>\n    <section class=\"u-clearfix u-section-4\" id=\"sec-9b95\">\n      <div class=\"u-clearfix u-sheet u-sheet-1\">\n        <div class=\"u-expanded-width u-tab-links-align-center u-tabs u-tabs-1\">\n          <ul class=\"u-spacing-0 u-tab-list u-unstyled\" role=\"tablist\"><li class=\"u-tab-item\" role=\"presentation\"><a class=\"active u-active-palette-2-base u-border-2 u-border-active-black u-border-no-left u-border-no-right u-border-no-top u-button-style u-grey-10 u-tab-link u-text-active-black u-tab-link-1\" id=\"link-tab-081f\" href=\"#tab-081f\" role=\"tab\">Norrk\u00f6ping<\/a>\n<\/li><li class=\"u-tab-item\" role=\"presentation\"><a class=\"u-active-palette-2-base u-border-2 u-border-active-black u-border-no-left u-border-no-right u-border-no-top u-button-style u-grey-10 u-tab-link u-text-active-black u-tab-link-2\" id=\"link-tab-4d57\" href=\"#tab-4d57\" role=\"tab\">Finsp\u00e5ng<\/a>\n<\/li><li class=\"u-tab-item\" role=\"presentation\"><a class=\"u-active-palette-2-base u-border-2 u-border-active-black u-border-no-left u-border-no-right u-border-no-top u-button-style u-grey-10 u-tab-link u-text-active-black u-tab-link-3\" id=\"link-tab-3a42\" href=\"#tab-3a42\" role=\"tab\">S\u00f6derk\u00f6ping<\/a>\n<\/li><li class=\"u-tab-item u-tab-item-4\" role=\"presentation\"><a class=\"u-active-palette-2-base u-border-2 u-border-active-black u-border-no-left u-border-no-right u-border-no-top u-button-style u-grey-10 u-tab-link u-text-active-black u-tab-link-4\" id=\"tab-d7e7\" href=\"#link-tab-d7e7\" role=\"tab\">Resten av \u00d6sterg\u00f6tland<\/a>\n<\/li><\/ul>\n          <div class=\"u-tab-content\">\n            <div class=\"u-container-align-center u-container-style u-tab-active u-tab-pane\" id=\"tab-081f\" role=\"tabpanel\" aria-labelledby=\"link-tab-081f\">\n              <div class=\"u-container-layout u-container-layout-1\">\n                <div class=\"u-expanded u-grey-light-2 u-map\">\n                  <div class=\"embed-responsive\">\n                    <iframe class=\"embed-responsive-item lazyload\" data-map=\"JTdCJTIyYWRkcmVzcyUyMiUzQSUyMk5vcnJrJUMzJUI2cGluZ3MlMjBrb21tdW4lMjIlMkMlMjJ6b29tJTIyJTNBOSUyQyUyMnR5cGVJZCUyMiUzQSUyMnJvYWQlMjIlMkMlMjJsYW5nJTIyJTNBbnVsbCUyQyUyMmFwaUtleSUyMiUzQW51bGwlMkMlMjJtYXJrZXJzJTIyJTNBJTVCJTVEJTdE\" data-src=\"https:\/\/maps.google.com\/maps?output=embed&amp;q=Norrk%C3%B6pings%20kommun&amp;z=9&amp;t=m\"><\/iframe>\n                  <\/div>\n                <\/div>\n              <\/div>\n            <\/div>\n            <div class=\"u-container-align-center u-container-style u-tab-pane\" id=\"tab-4d57\" role=\"tabpanel\" aria-labelledby=\"link-tab-4d57\">\n              <div class=\"u-container-layout u-container-layout-2\">\n                <div class=\"u-expanded u-grey-light-2 u-map\">\n                  <div class=\"embed-responsive\">\n                    <iframe class=\"embed-responsive-item lazyload\" data-map=\"JTdCJTIyYWRkcmVzcyUyMiUzQSUyMkZpbnNwJUMzJUE1bmdzJTIwa29tbXVuJTIyJTJDJTIyem9vbSUyMiUzQTExJTJDJTIydHlwZUlkJTIyJTNBJTIycm9hZCUyMiUyQyUyMmxhbmclMjIlM0FudWxsJTJDJTIyYXBpS2V5JTIyJTNBbnVsbCUyQyUyMm1hcmtlcnMlMjIlM0ElNUIlNUQlN0Q=\" data-src=\"https:\/\/maps.google.com\/maps?output=embed&amp;q=Finsp%C3%A5ngs%20kommun&amp;z=11&amp;t=m\"><\/iframe>\n                  <\/div>\n                <\/div>\n              <\/div>\n            <\/div>\n            <div class=\"u-container-align-center u-container-style u-tab-pane\" id=\"tab-3a42\" role=\"tabpanel\" aria-labelledby=\"link-tab-3a42\">\n              <div class=\"u-container-layout u-container-layout-3\">\n                <div class=\"u-expanded u-grey-light-2 u-map\">\n                  <div class=\"embed-responsive\">\n                    <iframe class=\"embed-responsive-item lazyload\" data-map=\"JTdCJTIyYWRkcmVzcyUyMiUzQSUyMlMlQzMlQjZkZXJrJUMzJUI2cGluZ3MlMjBrb21tdW4lMjIlMkMlMjJ6b29tJTIyJTNBOSUyQyUyMnR5cGVJZCUyMiUzQSUyMnJvYWQlMjIlMkMlMjJsYW5nJTIyJTNBbnVsbCUyQyUyMmFwaUtleSUyMiUzQW51bGwlMkMlMjJtYXJrZXJzJTIyJTNBJTVCJTVEJTdE\" data-src=\"https:\/\/maps.google.com\/maps?output=embed&amp;q=S%C3%B6derk%C3%B6pings%20kommun&amp;z=9&amp;t=m\"><\/iframe>\n                  <\/div>\n                <\/div>\n              <\/div>\n            <\/div>\n            <div class=\"u-container-align-center u-container-style u-tab-pane\" id=\"link-tab-d7e7\" role=\"tabpanel\" aria-labelledby=\"tab-d7e7\">\n              <div class=\"u-container-layout u-valign-middle u-container-layout-4\">\n                <h2 class=\"u-align-center u-text u-text-default u-text-1\">Vi utf\u00f6r \u00e4ven jobb utanf\u00f6r S\u00f6derk\u00f6ping, Norrk\u00f6ping och Finsp\u00e5ng vid f\u00f6rfr\u00e5gan<\/h2>\n              <\/div>\n            <\/div>\n          <\/div>\n        <\/div>\n      <\/div>\n    <\/section>\n    <section class=\"u-clearfix u-section-5\" id=\"sec-c78e\">\n      <div class=\"u-clearfix u-sheet u-valign-middle u-sheet-1\">\n        <div class=\"u-align-center u-clearfix u-expanded-width u-group-elements u-group-elements-1\">\n          <p class=\"u-align-center u-text u-text-default u-text-1\">Varf\u00f6r v\u00e4lja oss<\/p>\n          <div class=\"custom-expanded u-border-3 u-border-palette-1-base u-line u-line-horizontal u-line-1\"><\/div>\n          <div class=\"custom-expanded u-border-3 u-border-palette-1-base u-line u-line-horizontal u-line-2\"><\/div>\n        <\/div>\n      <\/div>\n    <\/section>\n    <section class=\"u-clearfix u-section-6\" id=\"sec-00ae\">\n      <div class=\"u-clearfix u-sheet u-sheet-1\">\n        <div class=\"fr-view u-clearfix u-rich-text u-text u-text-1\">\n          <p id=\"isPasted\">Med \u00f6ver 25 \u00e5rs erfarenhet av bostadsanpassningar f\u00f6r personer med funktionsvariationer, b\u00e5de inom privat och offentlig sektor, kan du k\u00e4nna dig trygg med att vi vet vad vi g\u00f6r.<\/p>\n          <p>Vi hj\u00e4lper dig genom hela processen:<\/p>\n          <ul class=\"skrollable\">\n            <li class=\"skrollable\" style=\"font-weight: 700;\">\n              <p>Ans\u00f6kan om bostadsanpassningsbidrag<\/p>\n            <\/li>\n            <li class=\"skrollable\" style=\"font-weight: 700;\">\n              <p>Offert p\u00e5 samtliga \u00e5tg\u00e4rder<\/p>\n            <\/li>\n            <li class=\"skrollable\" style=\"font-weight: 700;\">\n              <p>Utf\u00f6rande av sj\u00e4lva bostadsanpassningen<\/p>\n            <\/li>\n          <\/ul>\n          <p>V\u00e5rt m\u00e5l \u00e4r att g\u00f6ra ditt hem mer tillg\u00e4ngligt, tryggt och funktionellt \u2013 s\u00e5 att <span style=\"font-weight: 700;\">du&nbsp;<\/span>kan forts\u00e4tta leva ett sj\u00e4lvst\u00e4ndigt och bekv\u00e4mt liv.\n          <\/p>\n          <p>Kontakta oss redan idag f\u00f6r att boka ett m\u00f6te eller f\u00e5 en kostnadsfri offert.<\/p>\n        <\/div>\n        <a href=\"https:\/\/byggteknikikolmarden.se\/?page_id=114#sec-7fe8\" class=\"u-active-none u-align-center u-border-0 u-btn u-button-style u-hover-feature u-hover-palette-2-base u-text-hover-white u-palette-1-base u-btn-1\">Kontakta oss&nbsp;<span class=\"u-icon u-text-white u-icon-1\">\n            <svg class=\"u-svg-content\" viewBox=\"0 0 490.677 490.677\" x=\"0px\" y=\"0px\" style=\"width: 1em; height: 1em;\"><path d=\"M489.272,37.339c-1.92-3.307-5.44-5.333-9.259-5.333H10.68c-3.819,0-7.339,2.027-9.259,5.333    c-1.899,3.307-1.899,7.36,0.021,10.667l234.667,405.333c1.899,3.307,5.419,5.333,9.237,5.333s7.339-2.027,9.237-5.333 L489.251,48.005C491.149,44.72,491.149,40.645,489.272,37.339z\"><\/path><\/svg>\n          <\/span>\n        <\/a>\n      <\/div>\n      \n    <\/section>\n    <section class=\"u-clearfix u-section-7\" id=\"sec-8033\">\n      <div class=\"u-clearfix u-sheet u-valign-middle u-sheet-1\">\n        <div class=\"u-align-center u-clearfix u-expanded-width u-group-elements u-group-elements-1\">\n          <p class=\"u-align-center-lg u-align-center-md u-align-center-sm u-align-center-xs u-text u-text-default u-text-1\">Exemple p\u00e5 Bostadsanpassning<\/p>\n          <div class=\"custom-expanded u-border-3 u-border-palette-1-base u-line u-line-horizontal u-line-1\"><\/div>\n          <div class=\"custom-expanded u-border-3 u-border-palette-1-base u-line u-line-horizontal u-line-2\"><\/div>\n        <\/div>\n      <\/div>\n    <\/section>\n    <section class=\"u-clearfix u-section-8\" id=\"carousel_1da4\">\n      <div class=\"u-clearfix u-sheet u-sheet-1\">\n        <div class=\"data-layout-selected u-clearfix u-expanded-width u-gutter-8 u-layout-wrap u-layout-wrap-1\">\n          <div class=\"u-gutter-0 u-layout\">\n            <div class=\"u-layout-col\">\n              <div class=\"u-size-30\">\n                <div class=\"u-layout-row\">\n                  <div class=\"u-container-align-center u-container-style u-image u-layout-cell u-size-15 u-size-20-md lazyload u-image-1\" data-image-width=\"855\" data-image-height=\"640\" data-bg=\"url(&quot;https:\/\/byggteknikikolmarden.se\/wp-content\/uploads\/2025\/09\/2023-02-07_12-36-06.png&quot;)\">\n                    <div class=\"u-container-layout u-container-layout-1\"><\/div>\n                  <\/div>\n                  <div class=\"u-container-align-center u-container-style u-image u-layout-cell u-size-15 u-size-20-md lazyload u-image-2\" data-image-width=\"700\" data-image-height=\"700\" data-bg=\"url(&quot;https:\/\/byggteknikikolmarden.se\/wp-content\/uploads\/2025\/09\/89_s.jpg&quot;)\">\n                    <div class=\"u-container-layout u-container-layout-2\"><\/div>\n                  <\/div>\n                  <div class=\"u-container-align-center u-container-style u-image u-layout-cell u-size-14-sm u-size-14-xs u-size-18-lg u-size-18-xl u-size-20-md lazyload u-image-3\" data-image-width=\"1000\" data-image-height=\"650\" data-bg=\"url(&quot;https:\/\/byggteknikikolmarden.se\/wp-content\/uploads\/2025\/09\/1150_961ad98d_625e738c96e5b.jpg&quot;)\">\n                    <div class=\"u-container-layout u-container-layout-3\"><\/div>\n                  <\/div>\n                  <div class=\"u-container-align-center u-container-style u-image u-layout-cell u-size-12-lg u-size-12-xl u-size-16-sm u-size-16-xs u-size-60-md lazyload u-image-4\" data-image-width=\"1920\" data-image-height=\"800\" data-bg=\"url(&quot;https:\/\/byggteknikikolmarden.se\/wp-content\/uploads\/2025\/09\/kat_375_sw.jpg&quot;)\">\n                    <div class=\"u-container-layout u-container-layout-4\"><\/div>\n                  <\/div>\n                <\/div>\n              <\/div>\n              <div class=\"u-size-30\">\n                <div class=\"u-layout-row\">\n                  <div class=\"u-container-style u-image u-layout-cell u-shape-rectangle u-size-16-sm u-size-16-xs u-size-18-lg u-size-18-xl u-size-20-md lazyload u-image-5\" data-image-width=\"1920\" data-image-height=\"800\" data-bg=\"url(&quot;https:\/\/byggteknikikolmarden.se\/wp-content\/uploads\/2025\/09\/190_nav_bild.jpg&quot;)\">\n                    <div class=\"u-container-layout u-container-layout-5\"><\/div>\n                  <\/div>\n                  <div class=\"u-container-style u-image u-layout-cell u-shape-rectangle u-size-16-sm u-size-16-xs u-size-18-lg u-size-18-md u-size-18-xl lazyload u-image-6\" data-image-width=\"1920\" data-image-height=\"800\" data-bg=\"url(&quot;https:\/\/byggteknikikolmarden.se\/wp-content\/uploads\/2025\/09\/189_nav_bild.jpg&quot;)\">\n                    <div class=\"u-container-layout u-container-layout-6\"><\/div>\n                  <\/div>\n                  <div class=\"u-container-style u-image u-layout-cell u-size-13-lg u-size-13-xl u-size-16-sm u-size-16-xs u-size-20-md lazyload u-image-7\" data-image-width=\"1200\" data-image-height=\"778\" data-bg=\"url(&quot;https:\/\/byggteknikikolmarden.se\/wp-content\/uploads\/2025\/09\/bostadsanpassning-ramp.jpg&quot;)\">\n                    <div class=\"u-container-layout u-container-layout-7\"><\/div>\n                  <\/div>\n                  <div class=\"u-container-style u-image u-layout-cell u-size-11-lg u-size-11-xl u-size-14-sm u-size-14-xs u-size-60-md lazyload u-image-8\" data-image-width=\"852\" data-image-height=\"637\" data-bg=\"url(&quot;https:\/\/byggteknikikolmarden.se\/wp-content\/uploads\/2025\/09\/2023-02-07_12-33-17.png&quot;)\">\n                    <div class=\"u-container-layout u-container-layout-8\"><\/div>\n                  <\/div>\n                <\/div>\n              <\/div>\n            <\/div>\n          <\/div>\n        <\/div>\n      <\/div>\n    <\/section>\n    \n    \n    \n  \n","protected":false},"excerpt":{"rendered":"<p>Bostadsanpassning Vi utf\u00f6r i f\u00f6ljande kommuner Norrk\u00f6ping Finsp\u00e5ng S\u00f6derk\u00f6ping Resten av \u00d6sterg\u00f6tland Vi utf\u00f6r \u00e4ven jobb utanf\u00f6r S\u00f6derk\u00f6ping, Norrk\u00f6ping och Finsp\u00e5ng vid f\u00f6rfr\u00e5gan Varf\u00f6r v\u00e4lja oss Med \u00f6ver 25 \u00e5rs erfarenhet av bostadsanpassningar f\u00f6r personer med funktionsvariationer, b\u00e5de inom privat och offentlig sektor, kan du k\u00e4nna dig trygg med att vi vet vad vi g\u00f6r. &hellip; <a href=\"https:\/\/byggteknikikolmarden.se\/?page_id=116\" class=\"more-link\">Continue reading<span class=\"screen-reader-text\"> &#8221;Bostadsanpassning&#8221;<\/span><\/a><\/p>\n","protected":false},"author":1,"featured_media":0,"parent":0,"menu_order":5,"comment_status":"closed","ping_status":"closed","template":"","meta":{"footnotes":""},"class_list":["post-116","page","type-page","status-publish","hentry"],"_links":{"self":[{"href":"https:\/\/byggteknikikolmarden.se\/index.php?rest_route=\/wp\/v2\/pages\/116","targetHints":{"allow":["GET"]}}],"collection":[{"href":"https:\/\/byggteknikikolmarden.se\/index.php?rest_route=\/wp\/v2\/pages"}],"about":[{"href":"https:\/\/byggteknikikolmarden.se\/index.php?rest_route=\/wp\/v2\/types\/page"}],"author":[{"embeddable":true,"href":"https:\/\/byggteknikikolmarden.se\/index.php?rest_route=\/wp\/v2\/users\/1"}],"replies":[{"embeddable":true,"href":"https:\/\/byggteknikikolmarden.se\/index.php?rest_route=%2Fwp%2Fv2%2Fcomments&post=116"}],"version-history":[{"count":1,"href":"https:\/\/byggteknikikolmarden.se\/index.php?rest_route=\/wp\/v2\/pages\/116\/revisions"}],"predecessor-version":[{"id":128,"href":"https:\/\/byggteknikikolmarden.se\/index.php?rest_route=\/wp\/v2\/pages\/116\/revisions\/128"}],"wp:attachment":[{"href":"https:\/\/byggteknikikolmarden.se\/index.php?rest_route=%2Fwp%2Fv2%2Fmedia&parent=116"}],"curies":[{"name":"wp","href":"https:\/\/api.w.org\/{rel}","templated":true}]}}